pose -4*a + 108 = -0*i - 2*i, -a = i - 30. Let b(m) = 24*m - 1 + 2 + m**2 - a*m - 3. Let w(u) = u**3 - 6*u**2 + 8*u - 9. Let f be w(5). Determine b(f).
10
Let k(t) = -t**3 + 0*t**3 - 6 - 7*t + 0*t**2 + 14*t + 2*t**2 - 4*t. Let b(m) = -16*m - 269. Let d be b(-17). Give k(d).
-6
Suppose -2*w - 35061 = -3*n, n + 5602 = -2*w + 17297. Suppose -52*q - 105183 = -61*q. Let k(f) = n - 2*f + f - q. Determine k(7).
-5
Let w(v) = -105*v - 26. Let l(d) = -263*d - 49. Let s(t) = 2*l(t) - 5*w(t). Calculate s(-16).
48
Let r(w) be the first derivative of -1/60*w**5 + 0*w - 15/2*w**2 - 1/6*w**4 - 18 + 0*w**3. Let c(v) be the second derivative of r(v). Give c(-7).
-21
Suppose -3*q - n = 6, -2*q = 2*q + n + 9. Let z = -52 + 56. Let y(s) = 696 - z*s - 696 - 3*s**2 + s. Determine y(q).
-18
Let l be ((-796)/(-10))/2 + 156/(-195). Let g = l + -35. Let b(w) = -w**2 + 6*w - 3. Determine b(g).
5
Let x = -25 + 28. Let u(b) = b**x + 13 + 0 - 97*b + 98*b. What is u(0)?
13
Let w(c) = -15*c**2 + 23107*c - 23088*c - 43 + 16*c**2. What is w(-21)?
-1
Let s(g) = g**3 - 5*g**2 - 21*g + 10. Suppose 2*m - 24 = -5*r, 0 = -2*m - 47*r + 49*r + 10. Calculate s(m).
-39
Let s be 4/(-20) - 11/(-5). Let d(f) = 3*f**2 + 11*f - 6. Let x(z) = 12*z**2 - 7*z**2 + 45 + 12*z - 52 - z**2. Let g(y) = s*x(y) - 3*d(y). Give g(-9).
4
Suppose -3*o + 49*j - 2 = 47*j, 2*o = -4*j - 12. Let g(i) be the second derivative of 8*i**3/3 + i**2 - i. Calculate g(o).
-30
Let v(b) be the second derivative of b**4/6 + 10*b**3/3 - 3*b**2/2 + b - 2746. Determine v(-11).
19
Let c(x) = 9*x**2 + 3*x - 1. Let o be 6/(-4)*(781/(-33) + 23). Determine c(o).
11
Let j be -6*2*((-10)/10 - (-15)/10). Let r(y) = -y**2 + 6*y + 71. Determine r(j).
-1
Let i(n) be the first derivative of n**2/2 + 2*n + 4. Let y = -105 - -109. Suppose y*j + 9 = -5*c, -5*j - 10*c + 6*c - 9 = 0. What is i(j)?
1
Let z(o) = 5 + 31*o + 43*o + 36*o - 143*o + 2*o**2 + 32*o - o**2. Let v = 2 + -2. Determine z(v).
5
Let m = -503 - -505. Let u be m/(-6) + 20/15. Let w(k) = -6*k + 1. Determine w(u).
-5
Let i(j) = 5*j - 15. Let d be i(-12). Let y = 82 + d. Suppose -o - 3*g + 6 = -2*g, 2*g = -o + y. Let f(q) = q**3 - 4*q**2 - 4*q - 5. Give f(o).
0
Suppose 3 = 2*u + u. Let w(h) be the first derivative of 4 - 2 - h - 14 - 44 - 6*h**2. What is w(u)?
-13
Let f(i) = -i**3 + 4*i**2 + 2. Suppose -1 = -p - 7. Let q(t) = t**2 + 3*t - 3. Let b be q(0). Let z = b - p. Give f(z).
11
Let w = 14054 - 14045. Let n(q) be the first derivative of 1/2*q**2 - w - 3*q. Give n(4).
1
Suppose 145*i - 36 = 136*i. Let s be (i/(-7))/((-2)/7). Let l(h) = -h**3 + 2*h**2 - 4*h + 3. What is l(s)?
-5
Let d(o) = -o**2 - 3*o - 3. Suppose -5*u + 191 = -4*q + q, -4*q - 108 = -3*u. Suppose -48 = 2*x - u. Determine d(x).
-7
Let v(c) = -4*c**2 - 2*c + 10*c**2 - 1 - 3*c**2. Let b(d) = 4*d**2 - 17*d + 5. Let a be b(4). Let k be a/(1 + (-3 - -5) + -4). Determine v(k).
4
Let d(q) = -186*q - 37. Let l(i) = -82*i - 19. Let k(y) = 4*d(y) - 9*l(y). Give k(6).
-13
Let l(t) = -10*t - 3. Let d(o) = -21*o + 166. Let w(a) = -d(a) + 5*l(a). Give w(-6).
-7
Let q(b) = 89*b - 3010. Let y be q(34). Let c(g) = -g**3 + 15*g**2 + 13*g + 55. What is c(y)?
7
Let p(y) = -y**2 + 101*y - 1067. Let z be p(12). Let j(r) = 11*r**2 - 5*r + 5. What is j(z)?
11
Let h = -362 + 367. Suppose -3*q + 35*z - h = 39*z, -47 = 5*q - 3*z. Let b(g) = g + 2. Give b(q).
-5
Let d(j) = -2*j**2 - 32*j + 21. Let r(c) = -c**2 - 21*c + 14. Let f(k) = 5*d(k) - 7*r(k). Let t be f(-5). Let p(q) = -2*q**3 - 3*q**2 - 2*q. Determine p(t).
33
Let i(d) be the second derivative of -3/2*d**2 - 5*d - 4 + 1/3*d**3. Calculate i(2).
1
Suppose -30 = -5*v - 5*l + 90, l + 4 = 0. Let r(g) = -g**2 + 31*g - 85. What is r(v)?
-1
Let i(n) = n - 29. Let a(q) = -36*q - 418. Let k(h) = -a(h) + 7*i(h). Give k(-5).
0
Let o(h) = 11*h - 8348694 + 8348662 - h**3 + 8*h - 9*h**2. Determine o(-11).
1
Let f(n) = n - 1. Let o = 23 - 21. Let q be f(o). Let j(u) = u**2 - u. Let p(a) = 5*a**2 - 12*a - 4. Let t(v) = q*p(v) - 4*j(v). Determine t(8).
-4
Suppose 8*t + h + 25 = 3*t, 10 = -2*t + 2*h. Let s be (-7 + 0)*(t - -6). Let y(c) = c**2 + 38*c - 9 + 1 - 18*c - 14*c. Give y(s).
-1
Let p(x) = 4453*x**3 - 2225*x**3 - 5*x + 2 - 2227*x**3 + 7*x**2. What is p(-5)?
77
Suppose 2*d - 24 = -6. Let j = -57 - -52. Let y(k) = k + 3. Let q(u) = -u - 2. Let b(m) = j*q(m) - 4*y(m). What is b(d)?
7
Suppose -2*w = -4*h + 34, w - 3*w = -5*h + 40. Let s(c) be the third derivative of -2/3*c**3 + 1/3*c**4 - 19*c**2 + 0 - 1/60*c**5 + 0*c. Determine s(h).
8
Suppose -65 = -5*o - 80. Let h(v) be the third derivative of v**6/120 + v**5/15 + v**4/12 - v**3/6 - 401*v**2. Give h(o).
2
Let l(n) = 177 - 32*n**2 + 0 - 37 - 29*n - n**3 - 84. What is l(-31)?
-6
Let v(l) = -3*l**3 - 10*l**2 + 7*l + 1. Suppose 0 = -4*r + 63*h - 64*h - 19, -3*r - h - 14 = 0. Calculate v(r).
91
Let n be 2/(((-8)/(-8))/((-170)/4)). Let o = -88 - n. Let y(x) = 4*x + 4. Give y(o).
-8
Let r(i) be the first derivative of i**4/4 + 5*i**3/3 + 3*i**2/2 + 2. Let s = -43 - -43. Let k be (-7 - 0) + 3 + (s - 0). Determine r(k).
4
Let l(j) = 4*j + 1. Let v be l(-2). Let n(w) be the third derivative of 7/6*w**3 + 0*w + 99*w**2 + 0 + 1/12*w**4. Determine n(v).
-7
Let c = -191 + 205. Suppose p = -3*j + c, 0 = 2*j - p - 2 - 9. Let g(b) = -2*b - 2 + 5 - b + b**2. Give g(j).
13
Let w(n) = 3*n**2 - 24*n + 4. Let k be (1 + (-3)/(-2))*5536/1730. Calculate w(k).
4
Let z(y) = -19*y - 13. Let i(b) be the third derivative of b**4/8 + b**3/6 - 158*b**2. Let m(w) = -6*i(w) - z(w). Determine m(10).
17
Let n = 191 + -52. Suppose -n + 51 = -4*z. Let d(i) = -11 - 8 - 6 - 4*i + z. Calculate d(-2).
5
Let y(n) be the second derivative of n**5/20 - n**4 - 5*n**3/2 + 11*n**2 - 963*n. What is y(13)?
-4
Let s(w) be the second derivative of w**5/20 - 17*w**4/12 + 55*w**3/6 + 55*w**2/2 - 6620*w. Calculate s(12).
-5
Let k(n) = -n**3 - 3*n**2 + 6*n + 5. Let a be k(-4). Let z(x) be the third derivative of -3*x**4/8 - x**3/6 + 2*x**2 + 1762*x. Give z(a).
26
Let l be 130/25 - 5 - (-31)/(-5). Let u be (-6)/l + -3 - (-8 - -1). Let t(y) = u*y**2 + 7 + 6 + y - 7 + y**3. Give t(-5).
1
Let l(c) = -c**2 + 8*c - 5. Let z(r) = 55*r**2 + 5*r + 3. Let y be z(1). Suppose -2*b - y + 79 = 0. Determine l(b).
-5
Let x(w) = -5 + 72 + 16*w - 3 + 57. Let m be x(-8). Let a(f) = 2*f**2 + 14*f - 4. Give a(m).
-4
Suppose 10*m = -109 + 129. Suppose 115 = m*i + 139. Let n(z) = -z - 16. Give n(i).
-4
Suppose -65*l - 179 = 146. Let z(d) = -8*d**3 - 5*d**2 + 6*d - 2. Let b(u) = 7*u**3 + 5*u**2 - 5*u + 3. Let m(p) = -7*b(p) - 6*z(p). Give m(l).
-4
Let k = -262 - -268. Suppose 4*f + k = 2*z, -3*f = -0*z - 3*z + 9. Let q(h) = 2*h + 2. Let r(w) = -9*w - 9. Let d(l) = -11*q(l) - 2*r(l). Calculate d(z).
-16
Suppose 11*s = 10*s - 5. Let y(t) = -t - 12. Let f(b) = 1. Let i(p) = 1. Let q(z) = f(z) - 2*i(z). Let u(m) = s*q(m) + y(m). What is u(-3)?
-4
Let z(n) be the second derivative of n**5/10 + n**4/12 + 42*n**2 + 14744*n. Calculate z(0).
84
Let u(z) = -z**2 + 47*z + 259. Suppose 0 = -s - 864*f + 866*f + 5, 3*f + 5 = 2*s. What is u(s)?
-1
Let x(p) = -5 + 5*p**2 + 4 - 2 + 6*p - p**3. Let m be (-22)/(-10)*19260/7062. Give x(m).
-3
Let q(k) = -106*k**2 - 28*k - 81. Let b(c) = 79*c**2 + 26*c + 79. Let r(u) = 4*b(u) + 3*q(u). Calculate r(-3).
-5
Let j(q) = -5*q**2 - q. Let g(m) = -m**3 + 8*m**2 - 5*m - 1. Let p be g(7). Suppose -8*u - 5 = -p*u. What is j(u)?
-6
Suppose g - 49 = -20. Suppose 3*d - g = -20. Suppose 12 = d*j - 7*j + 3*z, -3 = j + 2*z. Let k(x) = x**3 - 2*x - 1. What is k(j)?
-22
Let y(f) = 11 + 8 + 28*f - 27*f - 7 + 1. Calculate y(-8).
5
Let r(k) = 10*k + 10 - 261*k**2 + 48*k**2 + 211*k**2. Give r(6).
-2
Let d(y) = 5*y + 5*y**2 + 13 + 46*y**2 - 57*y**2 + y**3. Give d(5).
13
Let h(k) = 16*k**3. Let y(s) = -4*s**2 + 2*s**3 + 5*s**2 + s - 4*s**2 + 10 + 21*s**2. Let o be y(-9). Give h(o).
16
Let w(r) = -21*r + 220. Suppose 0 = 4*n - 3*b - 43, 7*b = 4*n + 3*b - 44. Give w(n).
10
Let v(f) = -3*f - 26. Let j be (15 + 1 - 8) + -2. What is v(j)?
-44
Let j(t) = 52. Let f(g) = -g + 46. Let h(c) = 4*f(c) - 3*j(c). Calculate h(6).
4
Suppose 98 - 1400 = 64*r - 214. Let t(u) = -u**3 - 16*u**2 + 14*u + 18. Give t(r).
69
Let o(l) = 2*l + 21. Suppose 19*s + 14 = -138. Calculate o(s).
5
Let r be 21/(-112)*22 + -1 - (-5)/(-240)*